{"id":518,"date":"2020-12-06T00:28:41","date_gmt":"2020-12-05T21:28:41","guid":{"rendered":"https:\/\/demo.kanthemes.com.tr\/kanews\/?page_id=518"},"modified":"2020-12-06T00:28:41","modified_gmt":"2020-12-05T21:28:41","slug":"canli-tv","status":"publish","type":"page","link":"https:\/\/internethaberi.com\/index.php\/canli-tv\/","title":{"rendered":"Canl\u0131 TV"},"content":{"rendered":"<div class=\"accordion\" id=\"custom-collapse-0\" role=\"tablist\" aria-multiselectable=\"true\"><br \/>\n<div class=\"collapse-item\">\n    <div class=\"collapse-item-header\">\n      <button class=\"collapse-btn collapsed\" data-toggle=\"collapse\" data-parent=\"#custom-collapse-0\" href=\"#custom-collapse-0-0\">\n        <h3>\n          Kanews Wordpress Haber Temas\u0131\n        <\/h3>\n      <\/button>\n      <\/div>\n      <div id=\"custom-collapse-0-0\" class=\"collapse\">\n        <div class=\"collapse-item-body\"><\/p>\n<p>Yayg\u0131n inanc\u0131n tersine, Lorem Ipsum rastgele s\u00f6zc\u00fcklerden olu\u015fmaz. K\u00f6kleri M.\u00d6. 45 tarihinden bu yana klasik Latin edebiyat\u0131na kadar uzanan 2000 y\u0131ll\u0131k bir ge\u00e7mi\u015fi vard\u0131r.<\/p>\n<p><\/div>\n      <\/div>\n    <\/div><br \/>\n<div class=\"collapse-item\">\n    <div class=\"collapse-item-header\">\n      <button class=\"collapse-btn collapsed\" data-toggle=\"collapse\" data-parent=\"#custom-collapse-0\" href=\"#custom-collapse-0-1\">\n        <h3>\n          Kanews Nedir?\n        <\/h3>\n      <\/button>\n      <\/div>\n      <div id=\"custom-collapse-0-1\" class=\"collapse\">\n        <div class=\"collapse-item-body\"><\/p>\n<p>Yayg\u0131n inanc\u0131n tersine, Lorem Ipsum rastgele s\u00f6zc\u00fcklerden olu\u015fmaz. K\u00f6kleri M.\u00d6. 45 tarihinden bu yana klasik Latin edebiyat\u0131na kadar uzanan 2000 y\u0131ll\u0131k bir ge\u00e7mi\u015fi vard\u0131r.<\/p>\n<p><\/div>\n      <\/div>\n    <\/div><br \/>\n<div class=\"collapse-item\">\n    <div class=\"collapse-item-header\">\n      <button class=\"collapse-btn collapsed\" data-toggle=\"collapse\" data-parent=\"#custom-collapse-0\" href=\"#custom-collapse-0-2\">\n        <h3>\n          Kanews Nas\u0131l Kullan\u0131l\u0131r?\n        <\/h3>\n      <\/button>\n      <\/div>\n      <div id=\"custom-collapse-0-2\" class=\"collapse\">\n        <div class=\"collapse-item-body\"><\/p>\n<p>Yayg\u0131n inanc\u0131n tersine, Lorem Ipsum rastgele s\u00f6zc\u00fcklerden olu\u015fmaz. K\u00f6kleri M.\u00d6. 45 tarihinden bu yana klasik Latin edebiyat\u0131na kadar uzanan 2000 y\u0131ll\u0131k bir ge\u00e7mi\u015fi vard\u0131r.<\/p>\n<p><\/div>\n      <\/div>\n    <\/div><br \/>\n<\/div>\n<blockquote><p>E\u011fer insanlar televizyon kar\u015f\u0131s\u0131nda fazla zaman ge\u00e7irmek yerine daha \u00e7ok kitap okusalard\u0131,d\u00fcnya \u00e7ok daha ilgi \u00e7ekici bir yer olurdu.<\/p>\n<p><strong>Maria Bostwick<\/strong><\/p><\/blockquote>\n<div id=\"inArticle1\" class=\"inArticle inArticle1\"><\/div>\n","protected":false},"excerpt":{"rendered":"<p>E\u011fer insanlar televizyon kar\u015f\u0131s\u0131nda fazla zaman ge\u00e7irmek yerine daha \u00e7ok kitap okusalard\u0131,d\u00fcnya \u00e7ok daha ilgi \u00e7ekici&#46;&#46;&#46;<\/p>\n","protected":false},"author":1,"featured_media":0,"parent":0,"menu_order":0,"comment_status":"open","ping_status":"closed","template":"inc\/live.php","meta":{"footnotes":""},"class_list":["post-518","page","type-page","status-publish","hentry"],"_links":{"self":[{"href":"https:\/\/internethaberi.com\/index.php\/wp-json\/wp\/v2\/pages\/518","targetHints":{"allow":["GET"]}}],"collection":[{"href":"https:\/\/internethaberi.com\/index.php\/wp-json\/wp\/v2\/pages"}],"about":[{"href":"https:\/\/internethaberi.com\/index.php\/wp-json\/wp\/v2\/types\/page"}],"author":[{"embeddable":true,"href":"https:\/\/internethaberi.com\/index.php\/wp-json\/wp\/v2\/users\/1"}],"replies":[{"embeddable":true,"href":"https:\/\/internethaberi.com\/index.php\/wp-json\/wp\/v2\/comments?post=518"}],"version-history":[{"count":0,"href":"https:\/\/internethaberi.com\/index.php\/wp-json\/wp\/v2\/pages\/518\/revisions"}],"wp:attachment":[{"href":"https:\/\/internethaberi.com\/index.php\/wp-json\/wp\/v2\/media?parent=518"}],"curies":[{"name":"wp","href":"https:\/\/api.w.org\/{rel}","templated":true}]}}